 when 24 is divided by t?
4
Suppose -2*t = 5*d - 87, -4*t = -7*t - d + 124. What is the remainder when t is divided by 7?
6
Let k = -12 - -7. Let b = k + 13. What is the remainder when b is divided by 3?
2
Let a(o) = 4*o - 4. Let d = 2 - 10. Let p = d + 12. Calculate the remainder when 23 is divided by a(p).
11
Let v(d) = 125*d**3 - d**2 + 1. Calculate the remainder when v(1) is divided by 32.
29
Let v(j) = -4*j + 3*j**2 - 2*j**2 + 0*j**2 - 16. Calculate the remainder when v(-7) is divided by 21.
19
Suppose -p - 3*k + 10 = 0, -2*p + 2 = 2*k - 18. Calculate the remainder when p is divided by 4 + (-1)/(-5)*0.
2
Suppose -4*m - 11 - 1 = 0. Let a be 0*(-1)/m - 41. Let q = a + 91. Calculate the remainder when q is divided by 26.
24
Let f = -11 - -16. Suppose 15 = -f*l + 55. Suppose 5*r + 3 = l. What is the remainder when r is divided by 1?
0
Let q(u) = -6*u - 5. Calculate the remainder when q(-2) is divided by 3.
1
Let n = -9 - -5. Suppose 0 = -z - 2*y - 2*y - 14, -4 = -4*z - 4*y. What is the remainder when (-2114)/(-126) + n/(-18) is divided by z?
5
Let p(h) = -17*h - 9. What is the remainder when p(-3) is divided by 15?
12
Suppose -5*g + 4*j = -26, -2*g - 4*j + 17 = j. Let d = g + 16. Let s = 37 - d. Calculate the remainder when 58 is divided by s.
13
Let t(h) = -h**2 + h + 9. Calculate the remainder when t(0) is divided by 3.
0
What is the remainder when 46 is divided by 5*-3*(-12)/15?
10
Suppose -b + 0 + 1 = 0. Let l be (9/15)/(b/10). Suppose k - l = -k. Calculate the remainder when 7 is divided by k.
1
Let o = -306 - -202. Calculate the remainder when 25 is divided by 1/2*o/(-4).
12
Let k be (4 - 0) + (4 - 4). Suppose -q - d = -28, -3*q + k*d - 40 = -4*q. Calculate the remainder when q is divided by 3 - (-2 + 24/(-3)).
11
Let t = 14 + -4. Suppose c + 4*c - t = 0. What is the remainder when 2 is divided by c?
0
Let z = 140 - 117. What is the remainder when 134 is divided by z?
19
Suppose -2*u - 19 = 11. What is the remainder when 16 is divided by (-6)/10*(u - 0)?
7
Suppose -7*x + 2*x = 5*q - 10, 4*x = 5*q - 10. Calculate the remainder when 2 + 25 + -2 + x is divided by 7.
4
Suppose 0 - 8 = -4*m. Suppose -2*x + 1 = -c - 1, 10 = m*x + 3*c. Let j(l) = 6*l - 2. What is the remainder when j(x) is divided by 6?
4
Let r(d) = -5*d. Calculate the remainder when 88 is divided by r(-6).
28
Suppose -10 = -3*j - 5*h + 3, -5*j = 2*h - 9. Suppose 0 = -a - 3*a - 24. Let r(o) = -o**2 - 5*o + 8. Calculate the remainder when r(a) is divided by j.
0
Suppose -2*z - 2 = 0, -3*r = r - 5*z - 25. Let l = 2 + 4. Let c = 8 + l. Calculate the remainder when c is divided by r.
4
Suppose -k + 152 = 5*b - 4*k, 4*k = -4*b + 128. Calculate the remainder when 152 is divided by b.
28
Suppose 2*j + 3*f = -3*j + 57, j + 3*f - 21 = 0. What is the remainder when j is divided by 4?
1
Suppose 16 = 2*r + 2*r. Suppose 10 = r*x - 2. What is the remainder when x is divided by 2?
1
Let z = 96 - 61. Suppose 0 = -7*w + 2*w + z. Calculate the remainder when w is divided by 4.
3
Let j(m) = m**2 - 5*m + 10. Let g(z) = -z**3 - 10*z**2 - z - 6. Let a be g(-10). What is the remainder when 22 is divided by j(a)?
4
Suppose 2*c - 3*r = 27, 4*c - 37 = r + 22. Suppose -21 = b - 5*h, -5*h = 2*b - 4*h - 13. What is the remainder when c is divided by b?
3
Suppose 81 = 3*l - 2*b, -4*b = -3*l + 23 + 64. Calculate the remainder when l is divided by 7.
4
Suppose 0 = r + 3*y - 25 - 105, 0 = 4*r - 3*y - 505. What is the remainder when r is divided by 32?
31
Let j(o) be the first derivative of 11*o**2/2 - 6*o - 3. Calculate the remainder when 29 is divided by j(2).
13
Suppose -2*z + r + 12 = -r, -5*z - 5*r + 20 = 0. Calculate the remainder when 15 is divided by z.
0
Suppose 4 = 4*i - 16. Suppose m - i*w - 9 = 1, 2 = -m + w. What is the remainder when -11*(-2)/m*-5 is divided by 12?
10
Let w = -7 + 22. What is the remainder when w is divided by 4?
3
Let z = -13 - -93. Suppose -z = -5*k + 3*r, -2*k = -2*r - 42 + 6. What is the remainder when 24 is divided by k?
11
Suppose 37 = f + 4*b, -2*f - 2*b + 56 = -0*f. Calculate the remainder when 98 is divided by f.
23
Suppose -s + 3 = -5*b, -4*s + 12 = -b - 0*b. What is the remainder when (-1)/s - 1338/(-18) is divided by 19?
17
Let r = -82 - -92. What is the remainder when r is divided by 3?
1
Let y = 16 + -20. What is the remainder when 86 is divided by (-2 + (-10)/y)*58?
28
Suppose 3*k - 4*l = -34, -5*k = l + 10 + 16. Let d = k - -10. Calculate the remainder when 8 is divided by 0 + d/((-8)/(-10)).
3
Let u(c) = -3*c - 35. Let m(k) = -4*k - 53. Let n(f) = -5*m(f) + 7*u(f). Calculate the remainder when n(0) is divided by ((-10)/(-15))/((-4)/(-42)).
6
Let d = 82 + -59. Calculate the remainder when 111 is divided by d.
19
Let t = -39 - -74. Calculate the remainder when 138 is divided by t.
33
Let i = -11 + 19. Let o(v) = -v**2 + 10*v - 9. Suppose 2*a = 12 + 14. What is the remainder when a is divided by o(i)?
6
Let k = 183 + -117. Suppose -2*t = -4*a + t + k, -3*a - t + 43 = 0. Calculate the remainder when 43 is divided by a.
13
Let a = 63 - -9. Let b = -14 + a. Calculate the remainder when b is divided by 30.
28
Let t(a) = a**3 + a**2 - a + 34. Let l = -25 - -37. Calculate the remainder when t(0) is divided by l.
10
Let r = -45 + 80. Calculate the remainder when r is divided by 19.
16
Let i = 16 + 28. Suppose -4*q + 92 = 32. Calculate the remainder when i is divided by q.
14
Suppose -6*b + 5*o + 87 = -3*b, -4*o = -b + 29. Calculate the remainder when b is divided by 16.
13
What is the remainder when 172/5 + 3/5 is divided by 18?
17
Let g be (-20)/(-50) - 188/(-5). What is the remainder when (-6)/2 + 1 + g is divided by 20?
16
Suppose 0 = -0*u + 5*u - 30. Suppose u*c = c + 25. What is the remainder when c is divided by 2?
1
Suppose h + 5*l = 34, 0 = -h + 3*l - 3 - 3. Let f(m) = m**2 + 2*m - 3. What is the remainder when h is divided by f(2)?
4
Calculate the remainder when 52 is divided by 8/(-20) - (-171)/15.
8
Suppose 2 + 23 = 5*j. Suppose -m - 3*o = -j*m + 61, -2*m + 28 = -4*o. Suppose s = 52 - 6. Calculate the remainder when s is divided by m.
14
Calculate the remainder when 24 is divided by 186/14 + (-12)/42.
11
Calculate the remainder when (-4 - (-42)/5)/(1/5) is divided by 4.
2
Suppose -5*g + 104 = -g. Let h = -8 - -6. Calculate the remainder when g is divided by 15 - (h - -3 - 0).
12
Calculate the remainder when 84 + -5 + -4 + -1 is divided by 38.
36
Suppose u - 450 = -2*u. Suppose -4*p = -p - u. What is the remainder when p is divided by 26?
24
Let i(v) = -v**2 + 7*v + 1. Suppose -4*l = -2*r - 212, -3*l - l - 4*r = -200. Calculate the remainder when (4/(-8))/((-2)/l) is divided by i(6).
6
Let u(z) = z**3 - 11*z**2 + 12*z - 3. Suppose p + 2 = -12. Let i = p - -20. Calculate the remainder when u(10) is divided by i.
5
Let l be (3 - (-2 - 1)) + 2. Let s = 10 - l. Suppose 6*p - p - 159 = s*w, 3*p - 85 = -4*w. What is the remainder when p is divided by 8?
7
Suppose 0 = 2*z - 5*z + 9. Suppose -z*i - i = -44. What is the remainder when (-20)/1*(-2)/2 is divided by i?
9
Suppose 0 = q - 5 - 6. What is the remainder when (-28)/(-2)*11/((-539)/(-70)) is divided by q?
9
Let n be ((-2)/6)/(2/(-6)). Let h(c) = -c**3 + 8*c**2 - 10*c + 4. What is the remainder when h(5) is divided by (-5)/(n*1/(-3))?
14
Suppose -23*q = -507 - 275. Calculate the remainder when 269 is divided by q.
31
What is the remainder when 2/6 - (-516)/18 is divided by 15?
14
Suppose 0 = p + 4*p + 5*n + 195, 2*p = 4*n - 96. Calculate the remainder when p/(-98) + 204/14 is divided by 8.
7
Suppose 51 = -2*n + 5*n. Let t(k) = k + 12. Let f be t(-6). Let b = n - f. What is the remainder when 32 is divided by b?
10
Let f = 26 - 16. Let k = 22 + -50. Calculate the remainder when f is divided by 8/(-12) + k/(-6).
2
Let o(q) = 2*q**2 - 12*q + 11. What is the remainder when o(8) is divided by 23?
20
Let p = 6 + -14. Let z = 14 + p. What is the remainder when 57/5 + 8/(-20) is divided by z?
5
Suppose 0 = -4*x + x - 2*u + 16, -2*x = -5*u + 21. Suppose -x*z + 0*z = -18. Calculate the remainder when 15 is divided by z.
6
Suppose 0 = -2*n + 1 + 1. Let d(v) = -13*v - 1. Let f be d(n). Let y = f + 27. Calculate the remainder when y is divided by 5.
3
Suppose 0 = -11*i + 1573 - 374. Calculate the remainder when i is divided